(d) = -d**3 - 6*d**2 - 5*d - 4. What is f(-7)?
80
Let f(h) = 6*h - 101. What is f(16)?
-5
Let r(a) = -64*a + 385. Give r(6).
1
Let c(p) = -17*p + 93. Give c(7).
-26
Let i(q) = -q**3 - 7*q**2 - 11*q + 4. Determine i(-5).
9
Let n(p) = -p**3 + 9*p**2 + 16. Calculate n(9).
16
Let d(k) = -2*k + 2. Give d(-11).
24
Let w(i) = i + 5. Determine w(-8).
-3
Let o(z) = z**2 - 12*z + 65. Calculate o(14).
93
Let s(g) = 18*g**3 + g**2 - 2*g - 3. Give s(-1).
-18
Let a(b) = -b**3 - 20*b**2 + 18*b - 65. Give a(-21).
-2
Let o(g) = 3*g - 4. Give o(4).
8
Let u(d) = -d**3 + 15*d**2 - 30*d + 44. Give u(13).
-8
Let v(s) = 8*s**2 + 4*s - 6. Give v(2).
34
Let t(m) = -m**2 + 13*m + 15. Give t(14).
1
Let w(k) = k**3 + 9*k**2 - 8*k + 19. What is w(-10)?
-1
Let d(l) = l**3 - 9*l**2 + 13*l - 5. Determine d(5).
-40
Let r(o) = 5*o + 56. Give r(-13).
-9
Let n(p) = -2*p**2 - 16*p - 17. Calculate n(-7).
-3
Let g(i) = i**2 + 9*i - 78. Calculate g(-14).
-8
Let y(a) = -a**3 + 2*a**2 - 8*a + 5. Determine y(0).
5
Let t(p) = -34*p + 307. Give t(9).
1
Let u(m) = 4*m + 31. Calculate u(-9).
-5
Let r(k) = 7*k - 8. Calculate r(1).
-1
Let d(t) = t**3 - 8*t**2 + 10*t + 7. Give d(5).
-18
Let m(b) = b**2 - 2*b - 2. Determine m(5).
13
Let h(t) = -t**2 + 7*t - 9. Give h(4).
3
Let k(j) = 2*j**2 - 20*j - 2. What is k(11)?
20
Let n(l) = l**3 + 13*l**2 - 3. What is n(-13)?
-3
Let z(p) = -3*p + 1. Determine z(-6).
19
Let r(w) = 41*w - 3. Calculate r(1).
38
Let f(x) = -6*x**2 + 42*x + 5. Determine f(8).
-43
Let m(b) = -2*b**2 + 10*b - 7. Give m(2).
5
Let n(w) = w**2 + 17*w - 4. Determine n(-14).
-46
Let r(x) = -x**3 - 6*x**2 + 10*x + 21. What is r(-7)?
0
Let o(k) = -k**3 - 7*k**2 - 8*k + 1. Give o(-6).
13
Let z(k) = k**2 + 10*k + 21. What is z(-4)?
-3
Let v(y) = -5*y - 26. Give v(-7).
9
Let c(y) = -y**3 + 3*y**2 + 7*y - 6. Calculate c(4).
6
Let w(d) = 5*d - 16. Determine w(6).
14
Let n(r) = r**2 + 13*r + 10. Calculate n(-10).
-20
Let a(l) = 3*l**2 - 7*l - 369. What is a(-10)?
1
Let s(h) = 3*h**2 + 26*h - 3. Give s(-9).
6
Let z(j) = -j**3 + 4*j**2 + 29*j + 23. Calculate z(8).
-1
Let l(q) = 2*q**3 - q**2 + 1. Calculate l(1).
2
Let w(r) = 2*r**2 + 21*r + 23. Determine w(-8).
-17
Let g(u) = 22*u + 109. What is g(-5)?
-1
Let s(b) = -b**3 - 9*b**2 - 67*b - 378. Determine s(-7).
-7
Let k(u) = u**3 - 12*u**2 - 7*u + 9. Determine k(12).
-75
Let g(o) = -68*o - 811. Give g(-12).
5
Let q(m) = 5*m + 9. Give q(-5).
-16
Let u(o) = 2*o**2 + 11*o + 16. Give u(-7).
37
Let j(r) = r**3 - 16*r**2 + 16*r + 5. What is j(15)?
20
Let k(t) = -10*t + 142. Give k(14).
2
Let s(p) = -p**3 + 12*p**2 - 21*p + 5. Determine s(2).
3
Let g(m) = -3*m**2 + 40*m - 8. Calculate g(13).
5
Let k(b) = b**3 - 17*b**2 + 13*b + 6. Determine k(16).
-42
Let t(m) = m - 1. Determine t(-2).
-3
Let a(v) = v**3 - 4*v**2 + 6. Determine a(2).
-2
Let x(j) = -j**3 + 25*j**2 - 24*j + 3. Give x(24).
3
Let m(s) = -6*s + 6. Calculate m(3).
-12
Let j(y) = -y - 4. Calculate j(-2).
-2
Let i(m) = m**2 - 6*m - 4. Give i(2).
-12
Let p(v) = v**2 + 2*v - 1. Calculate p(-4).
7
Let v(q) = q**2 + 5*q - 4. Calculate v(-6).
2
Let p(d) = -9*d - 45. Give p(-5).
0
Let i(t) = -t**3 + 21*t**2 + 311*t - 27. Give i(31).
4
Let h(l) = -l**3 + 9*l**2 + 4*l - 1. Give h(9).
35
Let n(z) = z**3 - 18*z**2 + 38*z + 2. Give n(6).
-202
Let o(x) = -x**2 + 18*x. What is o(18)?
0
Let z(v) = 22*v + 403. Give z(-18).
7
Let x(r) = -r**2 + 3*r + 6. What is x(-3)?
-12
Let b(s) = 3*s**2 - 10*s + 18. Determine b(6).
66
Let j(r) = r**2 + 24*r + 132. What is j(-8)?
4
Let o(w) = -2*w + 4. What is o(-2)?
8
Let w(a) = a**3 + 9*a**2 + a + 2. Give w(-9).
-7
Let i(v) = 4*v + 3. Calculate i(3).
15
Let c(o) = -o**3 - 7*o**2 - 4*o + 9. Give c(-5).
-21
Let x(j) = -j**2 + 5*j + 59. Determine x(11).
-7
Let r(m) = 8*m + 34. What is r(-7)?
-22
Let d(f) = -f**3 - 10*f**2 + 3*f + 16. Calculate d(-10).
-14
Let x(a) = -2*a**3 - 41*a**2 - 21*a - 23. Calculate x(-20).
-3
Let t(g) = -g**3 - 24*g**2 + 23*g + 19. Give t(-25).
69
Let o(x) = 27*x - 307. What is o(12)?
17
Let i(j) = -20*j + 124. What is i(10)?
-76
Let v(p) = 4*p + 21. Determine v(-5).
1
Let v(m) = -m**2 - m - 24. Give v(0).
-24
Let p(m) = -4*m**2 + 17*m + 86. Calculate p(8).
-34
Let b(z) = 5*z**2 + 8*z - 8. Give b(1).
5
Let m(p) = -p**3 + 6*p + 2. Give m(3).
-7
Let k(g) = -g**2 + 8*g - 21. Calculate k(3).
-6
Let q(c) = 2*c**2 + 7*c - 10. Calculate q(-7).
39
Let s(j) = j**3 + 15*j**2 + 16*j - 7. What is s(-14)?
-35
Let h(l) = 20*l**3 - l**2 - l - 1. Give h(-1).
-21
Let j(u) = 2*u**3 - 10*u**2 + 7*u + 12. What is j(6)?
126
Let a(x) = x**3 - 17*x**2 + 74*x - 15. What is a(8)?
1
Let u(d) = -2*d - 26. Determine u(7).
-40
Let w(f) = f**2 - 4*f - 1. Determine w(6).
11
Let y(k) = -k**2 + 35*k - 67. Calculate y(33).
-1
Let p(o) = o**3 + 32*o**2 - 34*o - 24. Give p(-33).
9
Let m(n) = -2*n**3 + 29*n**2 - 14*n + 10. What is m(14)?
10
Let w(y) = 15*y - 25. Give w(3).
20
Let g(h) = -h**2 - 7*h + 52. Calculate g(-12).
-8
Let f(l) = 32*l**2 + 2*l - 1. What is f(1)?
33
Let c(j) = j**3 - 5*j**2 - 11*j + 14. What is c(6)?
-16
Let b(h) = -2*h**3 - 11*h**2 + 5*h - 5. What is b(-6)?
1
Let q(p) = -p**2 - 7*p + 18. What is q(4)?
-26
Let q(l) = l**2 + 9*l - 9. Determine q(-10).
1
Let b(p) = -37*p. Give b(-1).
37
Let k(s) = 10*s - 347. Determine k(35).
3
Let c(u) = 2*u**3 - 4*u - 2. Calculate c(-3).
-44
Let s(l) = 4*l**2 + 3*l - 4. Determine s(3).
41
Let c(j) = 7*j. What is c(1)?
7
Let z(y) = y**2 + 9*y - 2. Determine z(-5).
-22
Let j(c) = -2*c - 64. Determine j(-26).
-12
Let j(r) = 3*r**3 + 21*r**2 + 8*r + 59. What is j(-7)?
3
Let l(c) = c**3 - 12*c**2 - 27*c + 1. Calculate l(14).
15
Let q(d) = d**2 + 14*d - 15. Calculate q(-15).
0
Let u(h) = -12*h**2 - 457*h - 41. Calculate u(-38).
-3
Let c(a) = a**3 + 26*a**2 + 27*a + 64. Calculate c(-25).
14
Let r(p) = p**3 + 20*p**2 - 45*p - 28. Give r(-22).
-6
Let r(v) = -10*v - 266. Calculate r(-26).
-6
Let a(u) = -3*u**2 + 4*u + 3. What is a(4)?
-29
Let r(b) = -2*b**2 - 22*b - 11. What is r(-11)?
-11
Let y(x) = 2*x**2 + 22*x - 94. Determine y(4).
26
Let p(w) = -22*w + 346. Determine p(16).
-6
Let s(t) = t**3 - 2*t**2 - 3*t + 34. What is s(0)?
34
Let j(o) = o**2 + 4*o - 7. Give j(-8).
25
Let l(y) = y**2 + 22*y - 287. Determine l(-31).
-8
Let g(l) = -2*l**3 - 11*l**2 - 12*l + 17. Give g(-4).
17
Let t(y) = -11*y + 23. What is t(3)?
-10
Let h(p) = -4*p + 110. What is h(26)?
6
Let b(w) = 4*w**2 - 70*w - 3. Calculate b(16).
-99
Let w(b) = -b**2 - 19*b - 63. Calculate w(-15).
-3
Let u(j) = 4*j**2 + 49*j + 14. Calculate u(-12).
2
Let s(c) = -c**3 + 3*c**2 + 10*c + 10. Calculate s(5).
10
Let d(y) = -y**3 - 5*y**2 - 5*y - 6. Give d(-4).
-2
Let z(n) = -n + 13. Calculate z(6).
7
Let s(k) = -k**2 + k + 3. Determine s(5).
-17
Let l(y) = -24*y**2 + 52*y - 2. Calculate l(2).
6
Let l(m) = m + 8. Give l(0).
8
Let a(k) = 6*k + 316. What is a(-53)?
-2
Let o(j) = -20*j + 314. Determine o(16).
-6
Let n(w) = -38*w + 82. Give n(2).
6
Let l(t) = t**2 - 37*t + 320. Give l(13).
8
Let o(s) = -s**3 + 13*s**2 - 30*s + 13. What is o(10)?
13
Let y(q) = -q**3 + 5*q**2 - 5. What is y(5)?
-5
Let l(a) = -a**2 + 7*a - 9. Determine l(7).
-9
Let n(u) = -u**3 + 2*u**2 + 2. Calculate n(-2).
18
Let r(w) = 2*w**3 - 6*w**2 - w - 1. Calculate r(3).
-4
Let m(l) = l**2 - 46*l - 100. Determine m(48).
-4
Let c(a) = a**2 + 43*a - 142. Calculate c(-46).
-4
Let z(w) = -w - 10. What is z(8)?
-18
Let k(v) = v**2 - 15*v - 19. What is k(13)?
-45
Let y(n) = 2*n**2 - 5*n - 20. Determine y(-3).
13
Let q(t) = -5*t - 13. What is q(-3)?
2
Let p(f) = f - 15. What is p(4)?
-11
Let x(s) = 2*s**3 + 1. Calculate x(-3).
-53
Let u(g) = -9*g + 120. What is u(16)?
-24
Let t(d) = d**3 - 18*d**2 + 2*d - 22. Determine t(18).
14
Let d(c) = c**3 - 8*c**2 - 4*c + 10. Determine d(9).
55
Let i(m) = -m**2 + 3*m + 5. Determine i(5).
-5
Let a(h) = 2*h + 24. Calculate a(-15).
-6
Let p(q) = q**2 - 22*q - 1. What is p(22)?
-1
Let d(g) = -19*g + 140. Determine d(8).
-12
Let y(q) = -2*q**2 + 6*q - 7. What is y(2)?
-3
Let s(d) = 17*d**3 + 2*d - 2. What is s(1)?
17
Let u(o) = o**2 - 19*o + 62. What is u(6)?
-16
Let k(j) = j**3 - 7*j**2 - 11*j + 6. Calculate k(8).
-18
Let j(m) = -m**2 + 8*m. Give j(4).
16
Let y(a) = 2*a - 25. Give y(5).
-15
Let y(s) = 21*s + 54. Determine y(-12).
-198
Let z(b) = -4*b**2 - 7*b - 4. Determine z(-2).
